16788?
2, 3, 1399
What are the prime factors of 4304?
2, 269
List the prime factors of 25018.
2, 7, 1787
What are the prime factors of 123031?
123031
List the prime factors of 47953.
79, 607
What are the prime factors of 779?
19, 41
What are the prime factors of 2763?
3, 307
What are the prime factors of 451?
11, 41
What are the prime factors of 3803?
3803
List the prime factors of 880.
2, 5, 11
What are the prime factors of 25290?
2, 3, 5, 281
What are the prime factors of 2506?
2, 7, 179
List the prime factors of 33328.
2, 2083
List the prime factors of 4725.
3, 5, 7
List the prime factors of 702.
2, 3, 13
List the prime factors of 316.
2, 79
What are the prime factors of 1510?
2, 5, 151
What are the prime factors of 11999?
13, 71
List the prime factors of 191714.
2, 95857
List the prime factors of 3710.
2, 5, 7, 53
List the prime factors of 4319.
7, 617
List the prime factors of 4349.
4349
List the prime factors of 4402.
2, 31, 71
What are the prime factors of 62293?
7, 11, 809
List the prime factors of 4989.
3, 1663
List the prime factors of 14723.
14723
What are the prime factors of 76447?
7, 67, 163
List the prime factors of 1445.
5, 17
List the prime factors of 2423.
2423
List the prime factors of 41158.
2, 13, 1583
What are the prime factors of 552?
2, 3, 23
What are the prime factors of 1139?
17, 67
What are the prime factors of 1645?
5, 7, 47
What are the prime factors of 66627?
3, 11, 673
List the prime factors of 4348.
2, 1087
What are the prime factors of 1309?
7, 11, 17
List the prime factors of 48323.
11, 23, 191
List the prime factors of 26281.
41, 641
What are the prime factors of 4837?
7, 691
What are the prime factors of 118946?
2, 59473
List the prime factors of 34203.
3, 13, 877
What are the prime factors of 99834?
2, 3, 7, 2377
List the prime factors of 181360.
2, 5, 2267
What are the prime factors of 4886?
2, 7, 349
List the prime factors of 5270.
2, 5, 17, 31
What are the prime factors of 11410?
2, 5, 7, 163
List the prime factors of 91682.
2, 45841
List the prime factors of 187214.
2, 93607
What are the prime factors of 81729?
3, 1009
List the prime factors of 206.
2, 103
List the prime factors of 10336.
2, 17, 19
What are the prime factors of 603?
3, 67
List the prime factors of 4748.
2, 1187
What are the prime factors of 175156?
2, 43789
List the prime factors of 3923.
3923
What are the prime factors of 5589?
3, 23
List the prime factors of 2953.
2953
List the prime factors of 63621.
3, 7069
List the prime factors of 110537.
7, 15791
List the prime factors of 1345.
5, 269
List the prime factors of 3808.
2, 7, 17
What are the prime factors of 15035?
5, 31, 97
What are the prime factors of 68332?
2, 11, 1553
List the prime factors of 12699.
3, 17, 83
What are the prime factors of 8856?
2, 3, 41
List the prime factors of 6728.
2, 29
What are the prime factors of 17883?
3, 1987
List the prime factors of 42836.
2, 10709
List the prime factors of 24967.
24967
List the prime factors of 128428.
2, 97, 331
List the prime factors of 5335.
5, 11, 97
List the prime factors of 69609.
3, 23203
List the prime factors of 170163.
3, 7, 37, 73
What are the prime factors of 16482?
2, 3, 41, 67
What are the prime factors of 63699?
3, 17, 1249
What are the prime factors of 105924?
2, 3, 7, 13, 97
List the prime factors of 5985.
3, 5, 7, 19
List the prime factors of 11952.
2, 3, 83
List the prime factors of 1240.
2, 5, 31
List the prime factors of 81.
3
List the prime factors of 3507.
3, 7, 167
List the prime factors of 402.
2, 3, 67
List the prime factors of 24124.
2, 37, 163
List the prime factors of 945.
3, 5, 7
What are the prime factors of 63?
3, 7
List the prime factors of 48160.
2, 5, 7, 43
What are the prime factors of 1598?
2, 17, 47
List the prime factors of 1021.
1021
List the prime factors of 172712.
2, 21589
What are the prime factors of 19217?
11, 1747
List the prime factors of 964.
2, 241
What are the prime factors of 24352?
2, 761
What are the prime factors of 19426?
2, 11, 883
What are the prime factors of 801?
3, 89
List the prime factors of 1953.
3, 7, 31
What are the prime factors of 738?
2, 3, 41
What are the prime factors of 1204?
2, 7, 43
What are the prime factors of 2832?
2, 3, 59
What are the prime factors of 42431?
151, 281
List the prime factors of 38201.
38201
List the prime factors of 10066.
2, 7, 719
What are the prime factors of 2908?
2, 727
List the prime factors of 9907.
9907
What are the prime factors of 113217?
3, 13, 2903
What are the prime factors of 94568?
2, 11821
What are the prime factors of 2836?
2, 709
What are the prime factors of 59935?
5, 11987
What are the prime factors of 200?
2, 5
List the prime factors of 2841.
3, 947
List the prime factors of 5599.
11, 509
List the prime factors of 11922.
2, 3, 1987
List the prime factors of 4071.
3, 23, 59
List the prime factors of 3226.
2, 1613
What are the prime factors of 1350?
2, 3, 5
List the prime factors of 1623.
3, 541
List the prime factors of 5740.
2, 5, 7, 41
What are the prime factors of 96600?
2, 3, 5, 7, 23
What are the prime factors of 1052?
2, 263
What are the prime factors of 257?
257
List the prime factors of 50787.
3, 11, 19
List the prime factors of 46943.
13, 23, 157
List the prime factors of 5774.
2, 2887
List the prime factors of 339.
3, 113
List the prime factors of 71526.
2, 3, 7, 13, 131
List the prime factors of 47605.
5, 9521
List the prime factors of 9156.
2, 3, 7, 109
What are the prime factors of 157?
157
List the prime factors of 9750.
2, 3, 5, 13
List the prime factors of 2461.
23, 107
What are the prime factors of 46381?
46381
List the prime factors of 860.
2, 5, 43
What are the prime factors of 727?
727
What are the prime factors of 1773?
3, 197
List the prime factors of 46315.
5, 59, 157
List the prime factors of 4803.
3, 1601
What are the prime factors of 169703?
223, 761
List the prime factors of 6987.
3, 17, 137
What are the prime factors of 36839?
11, 17, 197
What are the prime factors of 74155?
5, 14831
What are the prime factors of 511?
7, 73
List the prime factors of 2708.
2, 677
What are the prime factors of 26307?
3, 37, 79
List the prime factors of 7123.
17, 419
List the prime factors of 144.
2, 3
List the prime factors of 760.
2, 5, 19
What are the prime factors of 561?
3, 11, 17
List the prime factors of 41632.
2, 1301
What are the prime factors of 14135?
5, 11, 257
What are the prime factors of 124709?
13, 53, 181
List the prime factors of 2574.
2, 3, 11, 13
List the prime factors of 2325.
3, 5, 31
List the prime factors of 2767.
2767
List the prime factors of 67445.
5, 7, 41, 47
What are the prime factors of 361?
19
List the prime factors of 1031.
1031
What are the prime factors of 210?
2, 3, 5, 7
What are the prime factors of 10261?
31, 331
What are the prime factors of 73207?
19, 3853
What are the prime factors of 802?
2, 401
List the prime factors of 1484.
2, 7, 53
List the prime factors of 62102.
2, 31051
What are the prime factors of 14605?
5, 23, 127
List the prime factors of 66677.
13, 23, 223
What are the prime factors of 15858?
2, 3, 881
What are the prime factors of 2595?
3, 5, 173
List the prime factors of 1423.
1423
What are the prime factors of 75866?
2, 7, 5419
What are the prime factors of 6884?
2, 1721
List the prime factors of 27760.
2, 5, 347
What are the prime factors of 8395?
5, 23, 73
List the prime factors of 1060.
2, 5, 53
List the prime factors of 2305.
5, 461
What are the prime factors of 6657?
3, 7, 317
List the prime factors of 1620.
2, 3, 5
List the prime factors of 35578.
2, 17789
List the prime factors of 10662.
2, 3, 1777
List the prime factors of 7042.
2, 7, 503
List the prime factors of 121587.
3, 40529
What are the prime factors of 2956?
2, 739
List the prime factors of 309.
3, 103
What are the prime factors of 1150?
2, 5, 23
List the prime factors of 37127.
137, 271
List the prime factors of 981.
3, 109
List the prime factors of 22814.
2, 11, 17, 61
List the prime factors of 2641.
19, 139
List the prime factors of 15728.
2, 983
What are the prime factors of 20292?
2, 3, 19, 89
What are the prime factors of 6171?
3, 11, 17
List the prime factors of 809.
809
List the prime factors of 5805.
3, 5, 43
List the prime factors of 27102.
2, 3, 4517
List the prime factors of